eds digit of 6102?
1
What is the units digit of 2293?
3
What is the units digit of 123?
3
What is the tens digit of 1502?
0
What is the hundreds digit of 72136?
1
What is the tens digit of 12688?
8
What is the units digit of 3190?
0
What is the tens digit of 1549?
4
What is the tens digit of 536?
3
What is the ten thousands digit of 42948?
4
What is the hundreds digit of 79733?
7
What is the tens digit of 2844?
4
What is the tens digit of 3311?
1
What is the ten thousands digit of 40602?
4
What is the tens digit of 772?
7
What is the thousands digit of 1237?
1
What is the thousands digit of 2384?
2
What is the ten thousands digit of 16245?
1
What is the tens digit of 24101?
0
What is the thousands digit of 32933?
2
What is the tens digit of 4404?
0
What is the tens digit of 5122?
2
What is the thousands digit of 14407?
4
What is the tens digit of 208040?
4
What is the units digit of 636?
6
What is the thousands digit of 9841?
9
What is the thousands digit of 48300?
8
What is the hundreds digit of 4594?
5
What is the units digit of 392?
2
What is the units digit of 17916?
6
What is the thousands digit of 9410?
9
What is the thousands digit of 22401?
2
What is the tens digit of 89793?
9
What is the units digit of 8972?
2
What is the ten thousands digit of 19876?
1
What is the hundreds digit of 35947?
9
What is the units digit of 176609?
9
What is the hundreds digit of 2326?
3
What is the tens digit of 1420?
2
What is the hundreds digit of 6853?
8
What is the units digit of 1308?
8
What is the hundreds digit of 103851?
8
What is the hundreds digit of 61394?
3
What is the units digit of 2022?
2
What is the hundreds digit of 1900?
9
What is the hundreds digit of 975?
9
What is the hundreds digit of 6812?
8
What is the thousands digit of 4229?
4
What is the hundreds digit of 429?
4
What is the units digit of 642?
2
What is the units digit of 15042?
2
What is the thousands digit of 6939?
6
What is the hundreds digit of 15945?
9
What is the units digit of 228?
8
What is the units digit of 469?
9
What is the tens digit of 3722?
2
What is the thousands digit of 9261?
9
What is the hundreds digit of 558?
5
What is the tens digit of 496?
9
What is the units digit of 10976?
6
What is the tens digit of 1115?
1
What is the tens digit of 110?
1
What is the units digit of 3266?
6
What is the units digit of 2111?
1
What is the hundreds digit of 26765?
7
What is the units digit of 905?
5
What is the thousands digit of 8312?
8
What is the thousands digit of 2887?
2
What is the thousands digit of 28196?
8
What is the tens digit of 916?
1
What is the tens digit of 953?
5
What is the hundreds digit of 38906?
9
What is the thousands digit of 6462?
6
What is the ten thousands digit of 10004?
1
What is the units digit of 15618?
8
What is the units digit of 2373?
3
What is the thousands digit of 3736?
3
What is the ten thousands digit of 91748?
9
What is the thousands digit of 6470?
6
What is the tens digit of 2603?
0
What is the hundreds digit of 84376?
3
What is the units digit of 5396?
6
What is the tens digit of 8743?
4
What is the hundred thousands digit of 129461?
1
What is the units digit of 19732?
2
What is the hundreds digit of 2485?
4
What is the units digit of 4221?
1
What is the tens digit of 372?
7
What is the hundred thousands digit of 164114?
1
What is the tens digit of 39434?
3
What is the tens digit of 28371?
7
What is the units digit of 17567?
7
What is the hundreds digit of 1160?
1
What is the hundreds digit of 55028?
0
What is the hundreds digit of 32165?
1
What is the tens digit of 2443?
4
What is the hundreds digit of 2478?
4
What is the units digit of 11119?
9
What is the hundreds digit of 28986?
9
What is the hundreds digit of 3753?
7
What is the thousands digit of 3697?
3
What is the hundreds digit of 912?
9
What is the units digit of 66468?
8
What is the tens digit of 3275?
7
What is the thousands digit of 4332?
4
What is the thousands digit of 61249?
1
What is the thousands digit of 8062?
8
What is the tens digit of 2338?
3
What is the units digit of 486?
6
What is the thousands digit of 5314?
5
What is the units digit of 7592?
2
What is the hundreds digit of 12304?
3
What is the hundreds digit of 65149?
1
What is the units digit of 22732?
2
What is the tens digit of 1055?
5
What is the units digit of 1713?
3
What is the hundreds digit of 312?
3
What is the units digit of 1102?
2
What is the units digit of 4324?
4
What is the hundreds digit of 64447?
4
What is the thousands digit of 48031?
8
What is the units digit of 362?
2
What is the tens digit of 58658?
5
What is the hundreds digit of 926?
9
What is the thousands digit of 65863?
5
What is the units digit of 3107?
7
What is the units digit of 706?
6
What is the ten thousands digit of 64665?
6
What is the tens digit of 3926?
2
What is the units digit of 31336?
6
What is the hundreds digit of 10849?
8
What is the hundreds digit of 247?
2
What is the hundreds digit of 445?
4
What is the tens digit of 73?
7
What is the ten thousands digit of 20894?
2
What is the tens digit of 4661?
6
What is the thousands digit of 8929?
8
What is the hundreds digit of 2318?
3
What is the thousands digit of 101269?
1
What is the hundreds digit of 1044?
0
What is the thousands digit of 11137?
1
What is the hundreds digit of 1938?
9
What is the thousands digit of 1428?
1
What is the tens digit of 21040?
4
What is the hundreds digit of 1230?
2
What is the hundreds digit of 639?
6
What is the thousands digit of 15058?
5
What is the tens digit of 29849?
4
What is the hundreds digit of 10560?
5
What is the tens digit of 840?
4
What is the hundreds digit of 106085?
0
What is the tens digit of 944?
4
What is the units digit of 63?
3
What is the hundreds digit of 29585?
5
What is the tens digit of 128324?
2
What is the units digit of 39617?
7
What is the ten thousands digit of 20264?
2
What is the thousands digit of 10269?
0
What is the tens digit of 7249?
4
What is the hundreds digit of 46467?
4
What is the hundreds digit of 571?
5
What is the units digit of 11244?
4
What is the units digit of 6661?
1
What is the thousands digit of 14585?
4
What is the tens digit of 75?
7
What is the thousands digit of 13205?
3
What is the hundreds digit of 42166?
1
What is the ten thousands digit of 72173?
7
What is the tens digit of 27434?
3
What is the hundreds digit of 2300?
3
What is the tens digit of 3711?
1
What is the tens digit of 49720?
2
What is the hundreds digit of 2152?
1
What is the tens digit of 26989?
8
What is the tens digit of 891?
9
What is the units digit of 1435?
5
What is the tens digit of 60366?
6
What is the hundreds digit of 13850?
8
What is the tens digit of 930?
3
What is the thousands digit of 7614?
7
What is the units digit of 95577?
7
What is the tens digit of 15721?
2
What is the units digit of 1686?
6
What is the tens digit of 89514?
1
What is the thousands digit of 17992?
7
What is the tens digit of 984?
8
What is the thousands digit of 17242?
7
What is the hundreds digit of 9622?
6
What is the hundreds digit of 23791?
7
What is the hundreds digit of 3638?
6
What is the thousands digit of 179381?
9
What is the thousands digit of 1544?
1
What is the units digit of 105923?
3
What is the ten thousands digit of 102480?
0
What is the thousands digit of 54297?
4
What is the tens digit of 2388?
8
What is the thousands digit of 81032?
1
What is the hundreds digit of 4693?
6
What is the tens digit of 24645?
4
What is the units digit of 21201?
1
What is the hundreds digit of 11667?
6
What is the hundreds digit of 33136?
1
What is the ten thousands digit of 81094?
8
What is the tens digit of 1836?
3
What is the thousands digit of 15781?
5
What is the tens digit of 29781?
8
What is the ten thousands digit of 133489?
3
What is the units digit of 44241?
1
What is the hundreds digit of 1074?
0
What is the thousands digit of 4829?
4
What is the thousands digit of 19747?
9
What is the tens digit of 3100?
0
What is the hundreds digit of 173015?
0
What is the thousands digit of 1140?
1
What is the ten thousands digit of 34806?
3
What is the tens digit of 120993?
9
What is the units digit of 9895?
5
What is the units digit of 45306?
6
What is the thousands digit of 54803?
4
What is the units digit of 74?
4
What is the